{"id":36,"date":"2017-11-17T16:16:11","date_gmt":"2017-11-17T16:16:11","guid":{"rendered":"https:\/\/www.kotipaljakka.fi\/?page_id=36"},"modified":"2017-12-06T21:56:34","modified_gmt":"2017-12-06T19:56:34","slug":"paljakka-info","status":"publish","type":"page","link":"https:\/\/www.kotipaljakka.fi\/index.php\/paljakka-info\/","title":{"rendered":"Paljakka info"},"content":{"rendered":"<p><img data-recalc-dims=\"1\" fetchpriority=\"high\" decoding=\"async\" width=\"275\" height=\"183\" data-attachment-id=\"90\" data-permalink=\"https:\/\/www.kotipaljakka.fi\/index.php\/paljakka-info\/lampi-rinteen-juurella\/\" data-orig-file=\"https:\/\/i0.wp.com\/www.kotipaljakka.fi\/wp-content\/uploads\/2017\/11\/lampi-rinteen-juurella.jpg?fit=275%2C183&amp;ssl=1\" data-orig-size=\"275,183\" data-comments-opened=\"0\" data-image-meta=\"{&quot;aperture&quot;:&quot;0&quot;,&quot;credit&quot;:&quot;&quot;,&quot;camera&quot;:&quot;&quot;,&quot;caption&quot;:&quot;&quot;,&quot;created_timestamp&quot;:&quot;0&quot;,&quot;copyright&quot;:&quot;&quot;,&quot;focal_length&quot;:&quot;0&quot;,&quot;iso&quot;:&quot;0&quot;,&quot;shutter_speed&quot;:&quot;0&quot;,&quot;title&quot;:&quot;&quot;,&quot;orientation&quot;:&quot;0&quot;}\" data-image-title=\"lampi rinteen juurella\" data-image-description=\"\" data-image-caption=\"\" data-large-file=\"https:\/\/i0.wp.com\/www.kotipaljakka.fi\/wp-content\/uploads\/2017\/11\/lampi-rinteen-juurella.jpg?fit=275%2C183&amp;ssl=1\" class=\"alignleft size-full wp-image-90\" src=\"https:\/\/i0.wp.com\/www.kotipaljakka.fi\/wp-content\/uploads\/2017\/11\/lampi-rinteen-juurella.jpg?resize=275%2C183&#038;ssl=1\" alt=\"\" srcset=\"https:\/\/i0.wp.com\/www.kotipaljakka.fi\/wp-content\/uploads\/2017\/11\/lampi-rinteen-juurella.jpg?w=275&amp;ssl=1 275w, https:\/\/i0.wp.com\/www.kotipaljakka.fi\/wp-content\/uploads\/2017\/11\/lampi-rinteen-juurella.jpg?resize=100%2C67&amp;ssl=1 100w\" sizes=\"(max-width: 275px) 100vw, 275px\" \/><\/p>\n<h2 class=\"m_204819700875282319Vliotsikko\"><span lang=\"EN-US\">Paljakka<u><\/u><u><\/u><\/span><\/h2>\n<p class=\"m_204819700875282319Leipis\">Lomanviettopaikka Paljakka on ymp\u00e4ri vuotinen lomakohde, joka sijaitsee keskell\u00e4 kauneinta luonnonymp\u00e4rist\u00f6\u00e4 Kainuussa, vajaan tunnin ajomatkan p\u00e4\u00e4ss\u00e4 Kajaanista.<\/p>\n<p id=\"tw-target-text\" class=\"tw-data-text tw-ta tw-text-small\" dir=\"ltr\" data-placeholder=\"K\u00e4\u00e4nn\u00f6s\"><span lang=\"fi\">Talvisin paljakka on lumivarma kohde, yleens\u00e4 yksi Suomen lumisimmista paikoista. Hiihto, laskettelu, moottorikelkkailu ja lumikenk\u00e4ily onnistuu luonnonlumella. Kes\u00e4isin voit vaeltaa Suomen vanhimman muinaisen mets\u00e4n l\u00e4pi. Retkeilij\u00e4t, marjastajat, sienest\u00e4j\u00e4t, geok\u00e4tk\u00f6ilij\u00e4t ja kalastajat saavat tutustua kes\u00e4ll\u00e4 er\u00e4maahan. Luonnossa rentoutumisen lis\u00e4ksi voit hyp\u00e4t\u00e4 ja ATV:n, hevosen tai polkupy\u00f6r\u00e4n satulaan. Voit my\u00f6s pelata frisbeegolfia tai kriketti\u00e4. Paljakkatalosta l\u00f6ytyy kuntosali ja elokuvateatteri.<\/span><\/p>\n<p><img data-recalc-dims=\"1\" decoding=\"async\" data-attachment-id=\"73\" data-permalink=\"https:\/\/www.kotipaljakka.fi\/index.php\/paljakka-info\/paljakka_rinnekartta\/\" data-orig-file=\"https:\/\/i0.wp.com\/www.kotipaljakka.fi\/wp-content\/uploads\/2017\/11\/paljakka_rinnekartta.jpg?fit=1400%2C820&amp;ssl=1\" data-orig-size=\"1400,820\" data-comments-opened=\"0\" data-image-meta=\"{&quot;aperture&quot;:&quot;0&quot;,&quot;credit&quot;:&quot;&quot;,&quot;camera&quot;:&quot;&quot;,&quot;caption&quot;:&quot;&quot;,&quot;created_timestamp&quot;:&quot;0&quot;,&quot;copyright&quot;:&quot;&quot;,&quot;focal_length&quot;:&quot;0&quot;,&quot;iso&quot;:&quot;0&quot;,&quot;shutter_speed&quot;:&quot;0&quot;,&quot;title&quot;:&quot;&quot;,&quot;orientation&quot;:&quot;1&quot;}\" data-image-title=\"paljakka_rinnekartta\" data-image-description=\"&lt;p&gt;Paljakassa riitt\u00e4\u00e4 rinteit\u00e4..&lt;\/p&gt;\n\" data-image-caption=\"&lt;p&gt;Paljakan rinteet&lt;\/p&gt;\n\" data-large-file=\"https:\/\/i0.wp.com\/www.kotipaljakka.fi\/wp-content\/uploads\/2017\/11\/paljakka_rinnekartta.jpg?fit=640%2C375&amp;ssl=1\" class=\"wp-image-73 alignleft\" src=\"https:\/\/i0.wp.com\/www.kotipaljakka.fi\/wp-content\/uploads\/2017\/11\/paljakka_rinnekartta.jpg?resize=532%2C311&#038;ssl=1\" alt=\"\" width=\"532\" height=\"311\" srcset=\"https:\/\/i0.wp.com\/www.kotipaljakka.fi\/wp-content\/uploads\/2017\/11\/paljakka_rinnekartta.jpg?resize=1024%2C600&amp;ssl=1 1024w, https:\/\/i0.wp.com\/www.kotipaljakka.fi\/wp-content\/uploads\/2017\/11\/paljakka_rinnekartta.jpg?resize=300%2C176&amp;ssl=1 300w, https:\/\/i0.wp.com\/www.kotipaljakka.fi\/wp-content\/uploads\/2017\/11\/paljakka_rinnekartta.jpg?resize=768%2C450&amp;ssl=1 768w, https:\/\/i0.wp.com\/www.kotipaljakka.fi\/wp-content\/uploads\/2017\/11\/paljakka_rinnekartta.jpg?resize=100%2C59&amp;ssl=1 100w, https:\/\/i0.wp.com\/www.kotipaljakka.fi\/wp-content\/uploads\/2017\/11\/paljakka_rinnekartta.jpg?w=1400&amp;ssl=1 1400w, https:\/\/i0.wp.com\/www.kotipaljakka.fi\/wp-content\/uploads\/2017\/11\/paljakka_rinnekartta.jpg?w=1280&amp;ssl=1 1280w\" sizes=\"(max-width: 532px) 100vw, 532px\" \/><\/p>\n<p class=\"m_204819700875282319Leipis\">Viikonloppu tai pidempi talviloma Paljakan upeassa rinteess\u00e4 tarjoaa\u00a0<span lang=\"fi\">paljon tekemist\u00e4 kaikille.\u00a0 Tarjolla on lasketteluun 30 rinett\u00e4 ja 4 snowparkkia Paljakkassa ja Ukonhallassa. On mahdollista kokeilla laskettelua rinteiden ulkopuolella koskemattomalla<\/span>\u00a0puuterilla, ja Snowparkilla on hyppyrit ja kiskot rohkeille ja kokeneille laskijoille. Voit my\u00f6s vuokrata tarvittavat v\u00e4lineet, ja aloittelijat voivat liitty\u00e4 hiihtokouluun.<\/p>\n<div>\u00a0<img data-recalc-dims=\"1\" decoding=\"async\" data-attachment-id=\"690\" data-permalink=\"https:\/\/www.kotipaljakka.fi\/index.php\/paljakka-info\/paljakka-hiihtokuva\/\" data-orig-file=\"https:\/\/i0.wp.com\/www.kotipaljakka.fi\/wp-content\/uploads\/2017\/12\/paljakka-hiihtokuva.jpg?fit=768%2C432&amp;ssl=1\" data-orig-size=\"768,432\" data-comments-opened=\"0\" data-image-meta=\"{&quot;aperture&quot;:&quot;0&quot;,&quot;credit&quot;:&quot;&quot;,&quot;camera&quot;:&quot;&quot;,&quot;caption&quot;:&quot;&quot;,&quot;created_timestamp&quot;:&quot;0&quot;,&quot;copyright&quot;:&quot;&quot;,&quot;focal_length&quot;:&quot;0&quot;,&quot;iso&quot;:&quot;0&quot;,&quot;shutter_speed&quot;:&quot;0&quot;,&quot;title&quot;:&quot;&quot;,&quot;orientation&quot;:&quot;0&quot;}\" data-image-title=\"paljakka hiihtokuva\" data-image-description=\"\" data-image-caption=\"\" data-large-file=\"https:\/\/i0.wp.com\/www.kotipaljakka.fi\/wp-content\/uploads\/2017\/12\/paljakka-hiihtokuva.jpg?fit=640%2C360&amp;ssl=1\" class=\"wp-image-690 alignleft\" src=\"https:\/\/i0.wp.com\/www.kotipaljakka.fi\/wp-content\/uploads\/2017\/12\/paljakka-hiihtokuva.jpg?resize=530%2C298&#038;ssl=1\" alt=\"\" width=\"530\" height=\"298\" srcset=\"https:\/\/i0.wp.com\/www.kotipaljakka.fi\/wp-content\/uploads\/2017\/12\/paljakka-hiihtokuva.jpg?w=768&amp;ssl=1 768w, https:\/\/i0.wp.com\/www.kotipaljakka.fi\/wp-content\/uploads\/2017\/12\/paljakka-hiihtokuva.jpg?resize=300%2C169&amp;ssl=1 300w, https:\/\/i0.wp.com\/www.kotipaljakka.fi\/wp-content\/uploads\/2017\/12\/paljakka-hiihtokuva.jpg?resize=100%2C56&amp;ssl=1 100w\" sizes=\"(max-width: 530px) 100vw, 530px\" \/><\/div>\n<div>\u00a0Hyvin hoidettuja hiihtolatuja Paljakasta l\u00f6ytyy l\u00e4hes 100km ja yhteysladun auettua Ukkohallaan, latuverkosto kasvaa 160km:iin. Osa laduista kiert\u00e4\u00e4 luonnonpuiston l\u00e4heisyydess\u00e4 ikimetsien keskell\u00e4 luonnon rauhassa jylhiss\u00e4 maisemissa.<\/div>\n<div><\/div>\n<div><\/div>\n<div><\/div>\n<div><\/div>\n<div><\/div>\n<div><\/div>\n<div><\/div>\n<div><\/div>\n<div>\u00a0<img data-recalc-dims=\"1\" loading=\"lazy\" decoding=\"async\" data-attachment-id=\"693\" data-permalink=\"https:\/\/www.kotipaljakka.fi\/index.php\/paljakka-info\/moottorikelkkakuva\/\" data-orig-file=\"https:\/\/i0.wp.com\/www.kotipaljakka.fi\/wp-content\/uploads\/2017\/12\/moottorikelkkakuva.jpg?fit=276%2C183&amp;ssl=1\" data-orig-size=\"276,183\" data-comments-opened=\"0\" data-image-meta=\"{&quot;aperture&quot;:&quot;0&quot;,&quot;credit&quot;:&quot;&quot;,&quot;camera&quot;:&quot;&quot;,&quot;caption&quot;:&quot;&quot;,&quot;created_timestamp&quot;:&quot;0&quot;,&quot;copyright&quot;:&quot;&quot;,&quot;focal_length&quot;:&quot;0&quot;,&quot;iso&quot;:&quot;0&quot;,&quot;shutter_speed&quot;:&quot;0&quot;,&quot;title&quot;:&quot;&quot;,&quot;orientation&quot;:&quot;0&quot;}\" data-image-title=\"moottorikelkkakuva\" data-image-description=\"\" data-image-caption=\"\" data-large-file=\"https:\/\/i0.wp.com\/www.kotipaljakka.fi\/wp-content\/uploads\/2017\/12\/moottorikelkkakuva.jpg?fit=276%2C183&amp;ssl=1\" class=\"alignleft wp-image-693\" src=\"https:\/\/i0.wp.com\/www.kotipaljakka.fi\/wp-content\/uploads\/2017\/12\/moottorikelkkakuva.jpg?resize=528%2C351&#038;ssl=1\" alt=\"\" width=\"528\" height=\"351\" srcset=\"https:\/\/i0.wp.com\/www.kotipaljakka.fi\/wp-content\/uploads\/2017\/12\/moottorikelkkakuva.jpg?w=276&amp;ssl=1 276w, https:\/\/i0.wp.com\/www.kotipaljakka.fi\/wp-content\/uploads\/2017\/12\/moottorikelkkakuva.jpg?resize=100%2C66&amp;ssl=1 100w\" sizes=\"(max-width: 528px) 100vw, 528px\" \/><\/div>\n<div><\/div>\n<div><\/div>\n<div><\/div>\n<div><\/div>\n<div><\/div>\n<div><\/div>\n<div><\/div>\n<div><\/div>\n<div><\/div>\n<div><\/div>\n<div><\/div>\n<div><\/div>\n<div><\/div>\n<div><\/div>\n<div><\/div>\n<div>\n<pre id=\"tw-target-text\" class=\"tw-data-text tw-ta tw-text-small\" dir=\"ltr\" data-placeholder=\"K\u00e4\u00e4nn\u00f6s\" data-fulltext=\"\"><img data-recalc-dims=\"1\" loading=\"lazy\" decoding=\"async\" data-attachment-id=\"89\" data-permalink=\"https:\/\/www.kotipaljakka.fi\/index.php\/paljakka-info\/dsc_1381\/\" data-orig-file=\"https:\/\/i0.wp.com\/www.kotipaljakka.fi\/wp-content\/uploads\/2017\/11\/DSC_1381.jpg?fit=3840%2C2160&amp;ssl=1\" data-orig-size=\"3840,2160\" data-comments-opened=\"0\" data-image-meta=\"{&quot;aperture&quot;:&quot;2&quot;,&quot;credit&quot;:&quot;&quot;,&quot;camera&quot;:&quot;D5503&quot;,&quot;caption&quot;:&quot;&quot;,&quot;created_timestamp&quot;:&quot;1508060365&quot;,&quot;copyright&quot;:&quot;&quot;,&quot;focal_length&quot;:&quot;4.9&quot;,&quot;iso&quot;:&quot;80&quot;,&quot;shutter_speed&quot;:&quot;0.03125&quot;,&quot;title&quot;:&quot;&quot;,&quot;orientation&quot;:&quot;1&quot;}\" data-image-title=\"DSC_1381\" data-image-description=\"&lt;p&gt;puro sillalta, rakennusj\u00e4rven kiert\u00e4v\u00e4lt\u00e4 polulta&lt;\/p&gt;\n\" data-image-caption=\"&lt;p&gt;puro&lt;\/p&gt;\n\" data-large-file=\"https:\/\/i0.wp.com\/www.kotipaljakka.fi\/wp-content\/uploads\/2017\/11\/DSC_1381.jpg?fit=640%2C360&amp;ssl=1\" class=\"alignleft wp-image-89\" src=\"https:\/\/i0.wp.com\/www.kotipaljakka.fi\/wp-content\/uploads\/2017\/11\/DSC_1381.jpg?resize=527%2C296&#038;ssl=1\" alt=\"\" width=\"527\" height=\"296\" srcset=\"https:\/\/i0.wp.com\/www.kotipaljakka.fi\/wp-content\/uploads\/2017\/11\/DSC_1381.jpg?resize=1024%2C576&amp;ssl=1 1024w, https:\/\/i0.wp.com\/www.kotipaljakka.fi\/wp-content\/uploads\/2017\/11\/DSC_1381.jpg?resize=300%2C169&amp;ssl=1 300w, https:\/\/i0.wp.com\/www.kotipaljakka.fi\/wp-content\/uploads\/2017\/11\/DSC_1381.jpg?resize=768%2C432&amp;ssl=1 768w, https:\/\/i0.wp.com\/www.kotipaljakka.fi\/wp-content\/uploads\/2017\/11\/DSC_1381.jpg?resize=100%2C56&amp;ssl=1 100w, https:\/\/i0.wp.com\/www.kotipaljakka.fi\/wp-content\/uploads\/2017\/11\/DSC_1381.jpg?w=1280&amp;ssl=1 1280w, https:\/\/i0.wp.com\/www.kotipaljakka.fi\/wp-content\/uploads\/2017\/11\/DSC_1381.jpg?w=1920&amp;ssl=1 1920w\" sizes=\"(max-width: 527px) 100vw, 527px\" \/><\/pre>\n<\/div>\n<div><\/div>\n<div>Moottorikelkkailijoille l\u00f6ytyy reittej\u00e4 Paljakan alueelta n.500km ja Kainuussa reittej\u00e4 n.2000km. Paljakasta l\u00f6ytyy my\u00f6s Suomen suurin freeride alue.<\/div>\n<div><\/div>\n<div><\/div>\n<div><\/div>\n<div><\/div>\n<div><\/div>\n<div><\/div>\n<div><\/div>\n<div><\/div>\n","protected":false},"excerpt":{"rendered":"<p>Paljakka Lomanviettopaikka Paljakka on ymp\u00e4ri vuotinen lomakohde, joka sijaitsee keskell\u00e4 kauneinta luonnonymp\u00e4rist\u00f6\u00e4 Kainuussa, vajaan tunnin ajomatkan p\u00e4\u00e4ss\u00e4 Kajaanista. Talvisin paljakka on lumivarma kohde, yleens\u00e4 yksi Suomen lumisimmista paikoista. Hiihto, laskettelu, moottorikelkkailu ja lumikenk\u00e4ily onnistuu luonnonlumella. Kes\u00e4isin voit vaeltaa Suomen vanhimman muinaisen mets\u00e4n l\u00e4pi. Retkeilij\u00e4t, marjastajat, sienest\u00e4j\u00e4t, geok\u00e4tk\u00f6ilij\u00e4t ja kalastajat saavat tutustua kes\u00e4ll\u00e4 er\u00e4maahan. Luonnossa rentoutumisen [&hellip;]<\/p>\n","protected":false},"author":1,"featured_media":0,"parent":0,"menu_order":0,"comment_status":"closed","ping_status":"closed","template":"","meta":{"footnotes":""},"class_list":["post-36","page","type-page","status-publish","hentry"],"translation":{"provider":"WPGlobus","version":"3.0.2","language":"fi","enabled_languages":["fi","en","ru"],"languages":{"fi":{"title":true,"content":true,"excerpt":false},"en":{"title":false,"content":true,"excerpt":false},"ru":{"title":false,"content":true,"excerpt":false}}},"yoast_head":"<!-- This site is optimized with the Yoast SEO plugin v27.6 - https:\/\/yoast.com\/product\/yoast-seo-wordpress\/ -->\n<title>Paljakka info - KOTIPALJAKKA<\/title>\n<meta name=\"robots\" content=\"index, follow, max-snippet:-1, max-image-preview:large, max-video-preview:-1\" \/>\n<link rel=\"canonical\" href=\"https:\/\/www.kotipaljakka.fi\/ru\/index.php\/paljakka-info\/\" \/>\n<meta property=\"og:locale\" content=\"fi_FI\" \/>\n<meta property=\"og:type\" content=\"article\" \/>\n<meta property=\"og:title\" content=\"Paljakka info - KOTIPALJAKKA\" \/>\n<meta property=\"og:url\" content=\"https:\/\/www.kotipaljakka.fi\/ru\/index.php\/paljakka-info\/\" \/>\n<meta property=\"og:site_name\" content=\"KOTIPALJAKKA\" \/>\n<meta property=\"article:modified_time\" content=\"2017-12-06T19:56:34+00:00\" \/>\n<meta property=\"og:image\" content=\"https:\/\/www.kotipaljakka.fi\/wp-content\/uploads\/2017\/11\/lampi-rinteen-juurella.jpg\" \/>\n<meta name=\"twitter:card\" content=\"summary_large_image\" \/>\n<meta name=\"twitter:label1\" content=\"Arvioitu lukuaika\" \/>\n\t<meta name=\"twitter:data1\" content=\"4 minuuttia\" \/>\n<script type=\"application\/ld+json\" class=\"yoast-schema-graph\">{\"@context\":\"https:\\\/\\\/schema.org\",\"@graph\":[{\"@type\":\"WebPage\",\"@id\":\"https:\\\/\\\/www.kotipaljakka.fi\\\/ru\\\/index.php\\\/paljakka-info\\\/\",\"url\":\"https:\\\/\\\/www.kotipaljakka.fi\\\/ru\\\/index.php\\\/paljakka-info\\\/\",\"name\":\"Paljakka info - KOTIPALJAKKA\",\"isPartOf\":{\"@id\":\"https:\\\/\\\/www.kotipaljakka.fi\\\/en\\\/#website\"},\"primaryImageOfPage\":{\"@id\":\"https:\\\/\\\/www.kotipaljakka.fi\\\/ru\\\/index.php\\\/paljakka-info\\\/#primaryimage\"},\"image\":{\"@id\":\"https:\\\/\\\/www.kotipaljakka.fi\\\/ru\\\/index.php\\\/paljakka-info\\\/#primaryimage\"},\"thumbnailUrl\":\"https:\\\/\\\/www.kotipaljakka.fi\\\/wp-content\\\/uploads\\\/2017\\\/11\\\/lampi-rinteen-juurella.jpg\",\"datePublished\":\"2017-11-17T16:16:11+00:00\",\"dateModified\":\"2017-12-06T19:56:34+00:00\",\"breadcrumb\":{\"@id\":\"https:\\\/\\\/www.kotipaljakka.fi\\\/ru\\\/index.php\\\/paljakka-info\\\/#breadcrumb\"},\"inLanguage\":\"fi\",\"potentialAction\":[{\"@type\":\"ReadAction\",\"target\":[\"https:\\\/\\\/www.kotipaljakka.fi\\\/ru\\\/index.php\\\/paljakka-info\\\/\"]}]},{\"@type\":\"ImageObject\",\"inLanguage\":\"fi\",\"@id\":\"https:\\\/\\\/www.kotipaljakka.fi\\\/ru\\\/index.php\\\/paljakka-info\\\/#primaryimage\",\"url\":\"https:\\\/\\\/i0.wp.com\\\/www.kotipaljakka.fi\\\/wp-content\\\/uploads\\\/2017\\\/11\\\/lampi-rinteen-juurella.jpg?fit=275%2C183&ssl=1\",\"contentUrl\":\"https:\\\/\\\/i0.wp.com\\\/www.kotipaljakka.fi\\\/wp-content\\\/uploads\\\/2017\\\/11\\\/lampi-rinteen-juurella.jpg?fit=275%2C183&ssl=1\",\"width\":275,\"height\":183},{\"@type\":\"BreadcrumbList\",\"@id\":\"https:\\\/\\\/www.kotipaljakka.fi\\\/ru\\\/index.php\\\/paljakka-info\\\/#breadcrumb\",\"itemListElement\":[{\"@type\":\"ListItem\",\"position\":1,\"name\":\"Home\",\"item\":\"https:\\\/\\\/www.kotipaljakka.fi\\\/\"},{\"@type\":\"ListItem\",\"position\":2,\"name\":\"Paljakka info\"}]},{\"@type\":\"WebSite\",\"@id\":\"https:\\\/\\\/www.kotipaljakka.fi\\\/en\\\/#website\",\"url\":\"https:\\\/\\\/www.kotipaljakka.fi\\\/en\\\/\",\"name\":\"KOTIPALJAKKA\",\"description\":\"In Kainuunkorpi,Finland\",\"potentialAction\":[{\"@type\":\"SearchAction\",\"target\":{\"@type\":\"EntryPoint\",\"urlTemplate\":\"https:\\\/\\\/www.kotipaljakka.fi\\\/en\\\/?s={search_term_string}\"},\"query-input\":{\"@type\":\"PropertyValueSpecification\",\"valueRequired\":true,\"valueName\":\"search_term_string\"}}],\"inLanguage\":\"fi\"}]}<\/script>\n<!-- \/ Yoast SEO plugin. -->","yoast_head_json":{"title":"Paljakka info - KOTIPALJAKKA","robots":{"index":"index","follow":"follow","max-snippet":"max-snippet:-1","max-image-preview":"max-image-preview:large","max-video-preview":"max-video-preview:-1"},"canonical":"https:\/\/www.kotipaljakka.fi\/ru\/index.php\/paljakka-info\/","og_locale":"fi_FI","og_type":"article","og_title":"Paljakka info - KOTIPALJAKKA","og_url":"https:\/\/www.kotipaljakka.fi\/ru\/index.php\/paljakka-info\/","og_site_name":"KOTIPALJAKKA","article_modified_time":"2017-12-06T19:56:34+00:00","og_image":[{"url":"https:\/\/www.kotipaljakka.fi\/wp-content\/uploads\/2017\/11\/lampi-rinteen-juurella.jpg","type":"","width":"","height":""}],"twitter_card":"summary_large_image","twitter_misc":{"Arvioitu lukuaika":"4 minuuttia"},"schema":{"@context":"https:\/\/schema.org","@graph":[{"@type":"WebPage","@id":"https:\/\/www.kotipaljakka.fi\/ru\/index.php\/paljakka-info\/","url":"https:\/\/www.kotipaljakka.fi\/ru\/index.php\/paljakka-info\/","name":"Paljakka info - KOTIPALJAKKA","isPartOf":{"@id":"https:\/\/www.kotipaljakka.fi\/en\/#website"},"primaryImageOfPage":{"@id":"https:\/\/www.kotipaljakka.fi\/ru\/index.php\/paljakka-info\/#primaryimage"},"image":{"@id":"https:\/\/www.kotipaljakka.fi\/ru\/index.php\/paljakka-info\/#primaryimage"},"thumbnailUrl":"https:\/\/www.kotipaljakka.fi\/wp-content\/uploads\/2017\/11\/lampi-rinteen-juurella.jpg","datePublished":"2017-11-17T16:16:11+00:00","dateModified":"2017-12-06T19:56:34+00:00","breadcrumb":{"@id":"https:\/\/www.kotipaljakka.fi\/ru\/index.php\/paljakka-info\/#breadcrumb"},"inLanguage":"fi","potentialAction":[{"@type":"ReadAction","target":["https:\/\/www.kotipaljakka.fi\/ru\/index.php\/paljakka-info\/"]}]},{"@type":"ImageObject","inLanguage":"fi","@id":"https:\/\/www.kotipaljakka.fi\/ru\/index.php\/paljakka-info\/#primaryimage","url":"https:\/\/i0.wp.com\/www.kotipaljakka.fi\/wp-content\/uploads\/2017\/11\/lampi-rinteen-juurella.jpg?fit=275%2C183&ssl=1","contentUrl":"https:\/\/i0.wp.com\/www.kotipaljakka.fi\/wp-content\/uploads\/2017\/11\/lampi-rinteen-juurella.jpg?fit=275%2C183&ssl=1","width":275,"height":183},{"@type":"BreadcrumbList","@id":"https:\/\/www.kotipaljakka.fi\/ru\/index.php\/paljakka-info\/#breadcrumb","itemListElement":[{"@type":"ListItem","position":1,"name":"Home","item":"https:\/\/www.kotipaljakka.fi\/"},{"@type":"ListItem","position":2,"name":"Paljakka info"}]},{"@type":"WebSite","@id":"https:\/\/www.kotipaljakka.fi\/en\/#website","url":"https:\/\/www.kotipaljakka.fi\/en\/","name":"KOTIPALJAKKA","description":"In Kainuunkorpi,Finland","potentialAction":[{"@type":"SearchAction","target":{"@type":"EntryPoint","urlTemplate":"https:\/\/www.kotipaljakka.fi\/en\/?s={search_term_string}"},"query-input":{"@type":"PropertyValueSpecification","valueRequired":true,"valueName":"search_term_string"}}],"inLanguage":"fi"}]}},"jetpack_sharing_enabled":true,"jetpack_shortlink":"https:\/\/wp.me\/P9plcg-A","jetpack_likes_enabled":false,"jetpack-related-posts":[],"_links":{"self":[{"href":"https:\/\/www.kotipaljakka.fi\/index.php\/wp-json\/wp\/v2\/pages\/36","targetHints":{"allow":["GET"]}}],"collection":[{"href":"https:\/\/www.kotipaljakka.fi\/index.php\/wp-json\/wp\/v2\/pages"}],"about":[{"href":"https:\/\/www.kotipaljakka.fi\/index.php\/wp-json\/wp\/v2\/types\/page"}],"author":[{"embeddable":true,"href":"https:\/\/www.kotipaljakka.fi\/index.php\/wp-json\/wp\/v2\/users\/1"}],"replies":[{"embeddable":true,"href":"https:\/\/www.kotipaljakka.fi\/index.php\/wp-json\/wp\/v2\/comments?post=36"}],"version-history":[{"count":59,"href":"https:\/\/www.kotipaljakka.fi\/index.php\/wp-json\/wp\/v2\/pages\/36\/revisions"}],"predecessor-version":[{"id":1675,"href":"https:\/\/www.kotipaljakka.fi\/index.php\/wp-json\/wp\/v2\/pages\/36\/revisions\/1675"}],"wp:attachment":[{"href":"https:\/\/www.kotipaljakka.fi\/index.php\/wp-json\/wp\/v2\/media?parent=36"}],"curies":[{"name":"wp","href":"https:\/\/api.w.org\/{rel}","templated":true}]}}